{"id":9,"date":"2013-12-01T01:04:56","date_gmt":"2013-12-01T00:04:56","guid":{"rendered":"https:\/\/www.methodologiesrecherchecreation.uqam.ca\/?page_id=9"},"modified":"2014-03-25T15:25:09","modified_gmt":"2014-03-25T14:25:09","slug":"contact","status":"publish","type":"page","link":"https:\/\/www.methodologiesrecherchecreation.uqam.ca\/?page_id=9","title":{"rendered":"Contact"},"content":{"rendered":"<p style=\"padding-left: 240px;\"><span style=\"color: #9600ff;\">Entr\u00e9e gratuite &#8211;\u00a0Sans inscription<\/span><\/p>\n<h3 style=\"padding-left: 240px;\"><\/h3>\n<h3 style=\"padding-left: 240px;\"><span style=\"color: #9600ff;\"><strong>.<\/strong><\/span><\/h3>\n<div style=\"padding-left: 240px;\">\n<p><span style=\"color: #9933ff;\"><strong>Quand ?<br \/>\n<\/strong><\/span><strong style=\"line-height: 1.714285714; font-size: 1rem;\">19, 20, 21 mars 2014<\/strong><\/p>\n<p><span style=\"color: #9a1fff;\"><strong>O\u00f9 ?<br \/>\n<\/strong><\/span><strong><span style=\"line-height: 1.714285714; font-size: 1rem;\">UQAM \u2013 Pavillon C\u0153ur des sciences<br \/>\n<\/span><\/strong><span style=\"line-height: 1.714285714; font-size: 1rem;\">Agora Hydro-Qu\u00e9bec, CO-R500<br \/>\n<\/span>175, avenue du Pr\u00e9sident-Kennedy<br \/>\nMontr\u00e9al (Qu\u00e9bec) H2X3P2<br \/>\nM\u00e9tro Place-des-Arts<\/p>\n<p><iframe loading=\"lazy\" style=\"border: 0;\" src=\"https:\/\/www.google.com\/maps\/embed?pb=!1m29!1m12!1m3!1d2796.0531589016446!2d-73.56864585000002!3d45.50900850431121!2m3!1f0!2f0!3f0!3m2!1i1024!2i768!4f13.1!4m14!1i0!3e3!4m5!1s0x4cc91a4f27ec64e1%3A0x94ba8fdd7be10427!2smetro+place+des+arts!3m2!1d45.508210999999996!2d-73.568122!4m5!1s0x4cc91a493a2186bd%3A0xa2ed8e78859696d9!2sC%C5%93ur+des+sciences!3m2!1d45.50938!2d-73.5693735!5e0!3m2!1sfr!2s!4v1392699468621\" height=\"400\" width=\"600\" frameborder=\"0\"><\/iframe><\/p>\n<h3><small><\/small><strong><span style=\"color: #9a1fff;\"><br \/>\n<\/span><\/strong><\/h3>\n<p><span style=\"color: #9600ff;\"><strong>Information<\/strong><\/span><br \/>\n<strong>Aur\u00e9lie Besson<\/strong><br \/>\nCoordonnatrice<br \/>\n<a href=\"mailto:besson.aurelie@courrier.uqam.ca\">besson.aurelie@courrier.uqam.ca<\/a><\/p>\n<h3><\/h3>\n<p>&nbsp;<\/p>\n<h3><span style=\"color: #9600ff;\"><strong>\u00c9quipe du colloque\u00a0<\/strong><\/span><\/h3>\n<p><strong>Aur\u00e9lie Besson<\/strong>\u00a0Coordination<br \/>\n<strong>Justine Biard<\/strong> Assistance\u00a0Coordination<br \/>\n<strong>H\u00e9lo\u00efse Guillaumin<\/strong> Assistance logistique<br \/>\n<strong>Lorella Abenavoli<\/strong> Responsable des entretiens vid\u00e9os<br \/>\n<strong>David Leboeuf<\/strong> Agent d\u2019information Facult\u00e9 des Arts-UQAM<br \/>\n<strong>Aur\u00e9lie Painnec\u00e9<\/strong> Conception graphique &#8211;\u00a0\u00e9dimestre<\/p>\n<h3><\/h3>\n<p>&nbsp;<\/p>\n<h3><span style=\"color: #9600ff;\"><strong>\u00c9quipe technique et logistique du colloque<\/strong><\/span><\/h3>\n<p><strong>Natalie Lafortune<\/strong>\u00a0Coordination\u00a0Hexagram|CIAM<br \/>\n<strong>Isabelle Caron<\/strong>\u00a0Coordination \u00e9v\u00e8nements\u00a0Hexagram|CIAM<br \/>\n<strong><strong>Jason Pomrenski<\/strong>\u00a0<\/strong>Directeur technique<strong><br \/>\nCarl Aksynczak<\/strong> R\u00e9gie<br \/>\n<strong>Matthieu Gagnon Lamarre<\/strong> Assitance technique<br \/>\n<strong>Alexandre Gingras<\/strong>\u00a0Vid\u00e9o<br \/>\n<strong>Keith McMullen<\/strong> Son<br \/>\n<strong>Martin Pelletier <\/strong>Coordination Hexagram-UQAM<\/p>\n<p>&nbsp;<\/p>\n<\/div>\n","protected":false},"excerpt":{"rendered":"<p>Entr\u00e9e gratuite &#8211;\u00a0Sans inscription . Quand ? 19, 20, 21 mars 2014 O\u00f9 ? UQAM \u2013 Pavillon C\u0153ur des sciences Agora Hydro-Qu\u00e9bec, CO-R500 175, avenue du Pr\u00e9sident-Kennedy Montr\u00e9al (Qu\u00e9bec) H2X3P2 M\u00e9tro Place-des-Arts Information Aur\u00e9lie Besson Coordonnatrice besson.aurelie@courrier.uqam.ca &nbsp; \u00c9quipe du colloque\u00a0 Aur\u00e9lie Besson\u00a0Coordination Justine Biard Assistance\u00a0Coordination H\u00e9lo\u00efse Guillaumin Assistance logistique Lorella Abenavoli Responsable des entretiens [&hellip;]<\/p>\n","protected":false},"author":101011,"featured_media":0,"parent":0,"menu_order":0,"comment_status":"closed","ping_status":"closed","template":"page-templates\/front-page.php","meta":{"footnotes":""},"class_list":["post-9","page","type-page","status-publish","hentry"],"_links":{"self":[{"href":"https:\/\/www.methodologiesrecherchecreation.uqam.ca\/index.php?rest_route=\/wp\/v2\/pages\/9","targetHints":{"allow":["GET"]}}],"collection":[{"href":"https:\/\/www.methodologiesrecherchecreation.uqam.ca\/index.php?rest_route=\/wp\/v2\/pages"}],"about":[{"href":"https:\/\/www.methodologiesrecherchecreation.uqam.ca\/index.php?rest_route=\/wp\/v2\/types\/page"}],"author":[{"embeddable":true,"href":"https:\/\/www.methodologiesrecherchecreation.uqam.ca\/index.php?rest_route=\/wp\/v2\/users\/101011"}],"replies":[{"embeddable":true,"href":"https:\/\/www.methodologiesrecherchecreation.uqam.ca\/index.php?rest_route=%2Fwp%2Fv2%2Fcomments&post=9"}],"version-history":[{"count":81,"href":"https:\/\/www.methodologiesrecherchecreation.uqam.ca\/index.php?rest_route=\/wp\/v2\/pages\/9\/revisions"}],"predecessor-version":[{"id":1120,"href":"https:\/\/www.methodologiesrecherchecreation.uqam.ca\/index.php?rest_route=\/wp\/v2\/pages\/9\/revisions\/1120"}],"wp:attachment":[{"href":"https:\/\/www.methodologiesrecherchecreation.uqam.ca\/index.php?rest_route=%2Fwp%2Fv2%2Fmedia&parent=9"}],"curies":[{"name":"wp","href":"https:\/\/api.w.org\/{rel}","templated":true}]}}