{"id":425,"date":"2014-01-23T23:10:44","date_gmt":"2014-01-23T22:10:44","guid":{"rendered":"https:\/\/www.methodologiesrecherchecreation.uqam.ca\/?page_id=425"},"modified":"2014-03-14T16:57:52","modified_gmt":"2014-03-14T15:57:52","slug":"carlos-sena-caires","status":"publish","type":"page","link":"https:\/\/www.methodologiesrecherchecreation.uqam.ca\/?page_id=425","title":{"rendered":"Carlos Sena Caires"},"content":{"rendered":"<p><b><a href=\"https:\/\/www.methodologiesrecherchecreation.uqam.ca\/wp-content\/uploads\/2014\/01\/Caires_Carlos_Sena-nb.jpg\"><img loading=\"lazy\" decoding=\"async\" class=\"alignleft size-full wp-image-331\" alt=\"Caires_Carlos_Sena-nb\" src=\"https:\/\/www.methodologiesrecherchecreation.uqam.ca\/wp-content\/uploads\/2014\/01\/Caires_Carlos_Sena-nb.jpg\" width=\"200\" height=\"200\" srcset=\"https:\/\/www.methodologiesrecherchecreation.uqam.ca\/wp-content\/uploads\/2014\/01\/Caires_Carlos_Sena-nb.jpg 200w, https:\/\/www.methodologiesrecherchecreation.uqam.ca\/wp-content\/uploads\/2014\/01\/Caires_Carlos_Sena-nb-150x150.jpg 150w\" sizes=\"auto, (max-width: 200px) 100vw, 200px\" \/><\/a>Carlos Sena Caires<\/b> est artiste et enseignant-chercheur (ma\u00eetre de conf\u00e9rences en Esth\u00e9tique, Science et Technologies de l\u2019Art) \u00e0 l\u2019\u00c9cole des arts de l\u2019Universit\u00e9 catholique portugaise (Porto), o\u00f9 il dirige le groupe de recherche en Arts visuels et interactifs du Centre de recherche en science et technologie des arts (CITAR). Ses \u0153uvres sont r\u00e9guli\u00e8rement expos\u00e9es au Portugal et \u00e0 l\u2019\u00e9tranger\u00a0: Procesalia 2013 (Santiago de Compostelle, Espagne), TEI 2012 (Kingston, Canada), FAD 2011 (Belo Horizonte, Br\u00e9sil), Art Multiple Contemporain 2011 (Madrid, Espagne), Serralves mus\u00e9e d\u2019art contemporain (Porto, 2007), Casa das Mudas \u2013 mus\u00e9e d\u2019art contemporain (Funchal, 2008), etc. Il est le r\u00e9dacteur en chef du <i>CITARJournal<\/i> depuis 2011.<\/p>\n<p><span style=\"text-decoration: underline;\"><span style=\"color: #000000;\"><a href=\"http:\/\/www.carloscaires.org\" target=\"_blank\"><span style=\"color: #000000; text-decoration: underline;\">carloscaires.org<\/span><\/a><\/span><\/span><\/p>\n<h2><span style=\"text-decoration: underline;\"><span style=\"color: #9c26f5;\"><a title=\"5. Typologie des nouvelles approches m\u00e9thodologiques en art\" href=\"https:\/\/www.methodologiesrecherchecreation.uqam.ca\/?page_id=573\"><span style=\"color: #9c26f5; text-decoration: underline;\">&gt; La recherche-cr\u00e9ation en art num\u00e9rique et interactif au CITAR<\/span><\/a><\/span><\/span><\/h2>\n","protected":false},"excerpt":{"rendered":"<p>Carlos Sena Caires est artiste et enseignant-chercheur (ma\u00eetre de conf\u00e9rences en Esth\u00e9tique, Science et Technologies de l\u2019Art) \u00e0 l\u2019\u00c9cole des arts de l\u2019Universit\u00e9 catholique portugaise (Porto), o\u00f9 il dirige le groupe de recherche en Arts visuels et interactifs du Centre de recherche en science et technologie des arts (CITAR). Ses \u0153uvres sont r\u00e9guli\u00e8rement expos\u00e9es au [&hellip;]<\/p>\n","protected":false},"author":101011,"featured_media":0,"parent":7,"menu_order":0,"comment_status":"closed","ping_status":"closed","template":"page-templates\/front-page.php","meta":{"footnotes":""},"class_list":["post-425","page","type-page","status-publish","hentry"],"_links":{"self":[{"href":"https:\/\/www.methodologiesrecherchecreation.uqam.ca\/index.php?rest_route=\/wp\/v2\/pages\/425","targetHints":{"allow":["GET"]}}],"collection":[{"href":"https:\/\/www.methodologiesrecherchecreation.uqam.ca\/index.php?rest_route=\/wp\/v2\/pages"}],"about":[{"href":"https:\/\/www.methodologiesrecherchecreation.uqam.ca\/index.php?rest_route=\/wp\/v2\/types\/page"}],"author":[{"embeddable":true,"href":"https:\/\/www.methodologiesrecherchecreation.uqam.ca\/index.php?rest_route=\/wp\/v2\/users\/101011"}],"replies":[{"embeddable":true,"href":"https:\/\/www.methodologiesrecherchecreation.uqam.ca\/index.php?rest_route=%2Fwp%2Fv2%2Fcomments&post=425"}],"version-history":[{"count":5,"href":"https:\/\/www.methodologiesrecherchecreation.uqam.ca\/index.php?rest_route=\/wp\/v2\/pages\/425\/revisions"}],"predecessor-version":[{"id":1012,"href":"https:\/\/www.methodologiesrecherchecreation.uqam.ca\/index.php?rest_route=\/wp\/v2\/pages\/425\/revisions\/1012"}],"up":[{"embeddable":true,"href":"https:\/\/www.methodologiesrecherchecreation.uqam.ca\/index.php?rest_route=\/wp\/v2\/pages\/7"}],"wp:attachment":[{"href":"https:\/\/www.methodologiesrecherchecreation.uqam.ca\/index.php?rest_route=%2Fwp%2Fv2%2Fmedia&parent=425"}],"curies":[{"name":"wp","href":"https:\/\/api.w.org\/{rel}","templated":true}]}}