{"id":363,"date":"2014-01-23T20:37:35","date_gmt":"2014-01-23T19:37:35","guid":{"rendered":"https:\/\/www.methodologiesrecherchecreation.uqam.ca\/?page_id=363"},"modified":"2014-02-02T21:51:40","modified_gmt":"2014-02-02T20:51:40","slug":"jean-simon-desrochers","status":"publish","type":"page","link":"https:\/\/www.methodologiesrecherchecreation.uqam.ca\/?page_id=363","title":{"rendered":"Jean-Simon DesRochers"},"content":{"rendered":"<p><a href=\"https:\/\/www.methodologiesrecherchecreation.uqam.ca\/wp-content\/uploads\/2014\/01\/Desrochers_Jean-Simon_nb.jpg\"><img loading=\"lazy\" decoding=\"async\" class=\"alignleft size-full wp-image-316\" alt=\"Desrochers_Jean-Simon_nb\" src=\"https:\/\/www.methodologiesrecherchecreation.uqam.ca\/wp-content\/uploads\/2014\/01\/Desrochers_Jean-Simon_nb.jpg\" width=\"200\" height=\"200\" srcset=\"https:\/\/www.methodologiesrecherchecreation.uqam.ca\/wp-content\/uploads\/2014\/01\/Desrochers_Jean-Simon_nb.jpg 200w, https:\/\/www.methodologiesrecherchecreation.uqam.ca\/wp-content\/uploads\/2014\/01\/Desrochers_Jean-Simon_nb-150x150.jpg 150w\" sizes=\"auto, (max-width: 200px) 100vw, 200px\" \/><\/a>N\u00e9 \u00e0 Montr\u00e9al en 1976, comme \u00e9crivain, <b>Jean-Simon DesRochers<\/b> a initialement \u0153uvr\u00e9 en po\u00e9sie\u00a0: <i>L&rsquo;Ob\u00e9issance impure <\/i>(2001) et <i>Parle seul <\/i>(2003), Prix \u00c9mile-Nelligan. Ses romans, <i>La Canicule des pauvres <\/i>(2009) et <i>Le sablier des solitudes<\/i> (2011), en plus d\u2019\u00eatre retenus en finale de nombreux prix (Prix du Gouverneur g\u00e9n\u00e9ral, Prix des libraires du Qu\u00e9bec, Prix des coll\u00e9giens), ont remport\u00e9 un vif succ\u00e8s critique et populaire. En f\u00e9vrier 2013 paraissait son troisi\u00e8me roman, <i>Demain sera sans r\u00eaves<\/i>, qui confirme la constitution d\u2019une \u0153uvre prot\u00e9iforme et travers\u00e9e d\u2019un vif d\u00e9sir d\u2019innovation. Chercheur sp\u00e9cialis\u00e9 en th\u00e9ories de la cr\u00e9ation litt\u00e9raire et principal initiateur de l\u2019approche bioculturelle en cr\u00e9ation, il est d\u00e9tenteur d\u2019un doctorat en \u00e9tudes litt\u00e9raires de l\u2019Universit\u00e9 du Qu\u00e9bec \u00e0 Montr\u00e9al.<\/p>\n<p>&nbsp;<\/p>\n<div style=\"font-size: 80%;\">Cr\u00e9dit photo: Nathalie St-Pierre<\/div>\n<div style=\"font-size: 80%;\"><\/div>\n<div style=\"font-size: 80%;\"><\/div>\n<div style=\"font-size: 80%;\">\n<h2><\/h2>\n<h2><span style=\"text-decoration: underline;\"><span style=\"color: #9c26f5;\"><a title=\"2. Cr\u00e9ation artistique et cognition\" href=\"https:\/\/www.methodologiesrecherchecreation.uqam.ca\/?page_id=567\"><span style=\"color: #9c26f5; text-decoration: underline;\">&gt;\u00a0Le texte est un autre : empathie, exotopie, dialogue dans le processus de cr\u00e9ation<\/span><\/a><\/span><\/span><\/h2>\n<\/div>\n","protected":false},"excerpt":{"rendered":"<p>N\u00e9 \u00e0 Montr\u00e9al en 1976, comme \u00e9crivain, Jean-Simon DesRochers a initialement \u0153uvr\u00e9 en po\u00e9sie\u00a0: L&rsquo;Ob\u00e9issance impure (2001) et Parle seul (2003), Prix \u00c9mile-Nelligan. Ses romans, La Canicule des pauvres (2009) et Le sablier des solitudes (2011), en plus d\u2019\u00eatre retenus en finale de nombreux prix (Prix du Gouverneur g\u00e9n\u00e9ral, Prix des libraires du Qu\u00e9bec, Prix [&hellip;]<\/p>\n","protected":false},"author":101011,"featured_media":0,"parent":7,"menu_order":0,"comment_status":"closed","ping_status":"closed","template":"page-templates\/front-page.php","meta":{"footnotes":""},"class_list":["post-363","page","type-page","status-publish","hentry"],"_links":{"self":[{"href":"https:\/\/www.methodologiesrecherchecreation.uqam.ca\/index.php?rest_route=\/wp\/v2\/pages\/363","targetHints":{"allow":["GET"]}}],"collection":[{"href":"https:\/\/www.methodologiesrecherchecreation.uqam.ca\/index.php?rest_route=\/wp\/v2\/pages"}],"about":[{"href":"https:\/\/www.methodologiesrecherchecreation.uqam.ca\/index.php?rest_route=\/wp\/v2\/types\/page"}],"author":[{"embeddable":true,"href":"https:\/\/www.methodologiesrecherchecreation.uqam.ca\/index.php?rest_route=\/wp\/v2\/users\/101011"}],"replies":[{"embeddable":true,"href":"https:\/\/www.methodologiesrecherchecreation.uqam.ca\/index.php?rest_route=%2Fwp%2Fv2%2Fcomments&post=363"}],"version-history":[{"count":5,"href":"https:\/\/www.methodologiesrecherchecreation.uqam.ca\/index.php?rest_route=\/wp\/v2\/pages\/363\/revisions"}],"predecessor-version":[{"id":765,"href":"https:\/\/www.methodologiesrecherchecreation.uqam.ca\/index.php?rest_route=\/wp\/v2\/pages\/363\/revisions\/765"}],"up":[{"embeddable":true,"href":"https:\/\/www.methodologiesrecherchecreation.uqam.ca\/index.php?rest_route=\/wp\/v2\/pages\/7"}],"wp:attachment":[{"href":"https:\/\/www.methodologiesrecherchecreation.uqam.ca\/index.php?rest_route=%2Fwp%2Fv2%2Fmedia&parent=363"}],"curies":[{"name":"wp","href":"https:\/\/api.w.org\/{rel}","templated":true}]}}