{"id":357,"date":"2014-01-21T22:58:22","date_gmt":"2014-01-21T21:58:22","guid":{"rendered":"https:\/\/www.methodologiesrecherchecreation.uqam.ca\/?page_id=357"},"modified":"2014-03-14T16:52:15","modified_gmt":"2014-03-14T15:52:15","slug":"alexandre-castonguay","status":"publish","type":"page","link":"https:\/\/www.methodologiesrecherchecreation.uqam.ca\/?page_id=357","title":{"rendered":"Alexandre Castonguay"},"content":{"rendered":"<p><b><a href=\"https:\/\/www.methodologiesrecherchecreation.uqam.ca\/wp-content\/uploads\/2014\/01\/Castonguay_Alexandre_nb.jpg\"><img loading=\"lazy\" decoding=\"async\" class=\"alignleft size-full wp-image-338\" alt=\"Castonguay_Alexandre_nb\" src=\"https:\/\/www.methodologiesrecherchecreation.uqam.ca\/wp-content\/uploads\/2014\/01\/Castonguay_Alexandre_nb.jpg\" width=\"200\" height=\"200\" srcset=\"https:\/\/www.methodologiesrecherchecreation.uqam.ca\/wp-content\/uploads\/2014\/01\/Castonguay_Alexandre_nb.jpg 200w, https:\/\/www.methodologiesrecherchecreation.uqam.ca\/wp-content\/uploads\/2014\/01\/Castonguay_Alexandre_nb-150x150.jpg 150w\" sizes=\"auto, (max-width: 200px) 100vw, 200px\" \/><\/a>Alexandre Castonguay<\/b> travaille dans le domaine des nouveaux m\u00e9dias. Ses \u0153uvres exploitent \u00e0 la fois la technologie d\u00e9su\u00e8te et les logiciels libres. Elles mettent en perspective les pratiques et le discours (tant artistiques que corporatifs) touchant les arts m\u00e9diatiques et la commercialisation des outils logiciels auxquels ils font appel. Le point de vue critique de l\u2019artiste s\u2019inspire de son r\u00f4le en tant que fondateur et membre actif du laboratoire m\u00e9diatique \u00e0 but non lucratif Artengine. Artengine cherche \u00e0 explorer le potentiel artistique des nouvelles technologies et se penche sur les in\u00e9galit\u00e9s d\u2019acc\u00e8s aux outils m\u00e9diatiques.\u00a0Ses travaux r\u00e9cents proposent de situer l&rsquo;exp\u00e9rience du spectateur plus au centre du processus cr\u00e9atif lui-m\u00eame en permettant la modification en profondeur de l&rsquo;\u0153uvre. Les op\u00e9rations intimes de programmatique, comme les boucles, les palindromes ou le transcodage, alimentent une r\u00e9flexion sur les modes de significations personnelles et consensuelles, doubl\u00e9e d&rsquo;un int\u00e9r\u00eat pour les diagrammes qui donnent une forme visuelle au flux de l&rsquo;information et tentent de mettre en rapport la complexit\u00e9 des relations dynamiques d&rsquo;\u00e9changes.<\/p>\n<p>Alexandre Castonguay a expos\u00e9 dans de nombreux mus\u00e9es nationaux du monde, comme le Mus\u00e9e d&rsquo;art contemporain de Montr\u00e9al, le Mus\u00e9e canadien de la photographie contemporaine \u00e0 Ottawa, le Medienkunstlabor \u00e0 Graz en Autriche, l\u2019ARCO \u00e0 Madrid, l\u2019Art Forum Berlin en Allemagne, le New Media Beijing en Chine, le Piksel 06 \u00e0 Bergen en Norv\u00e8ge et le Centro de la Imagen \u00e0 Mexico. On retrouve ses \u0153uvres dans des collections publiques importantes, notamment celles du Los Angeles County Museum of Art, du Mus\u00e9e des beaux-arts de Montr\u00e9al et de la Banque d\u2019\u0153uvres d\u2019art du Conseil des arts du Canada ainsi que dans de nombreuses collections corporatives et priv\u00e9es.<\/p>\n<h2><span style=\"text-decoration: underline;\"><span style=\"color: #9c26f5;\"><a title=\"4. \u00ab DEMO or Die \u00bb (Negroponte)\" href=\"https:\/\/www.methodologiesrecherchecreation.uqam.ca\/?page_id=571\"><span style=\"color: #9c26f5; text-decoration: underline;\">&gt; Les m\u00e9thodologies du Libre et de la Culture Libre et leurs applications dans la recherche et la gouvernance\u00a0: une communication en mode de proposition<\/span><\/a><\/span><\/span><\/h2>\n","protected":false},"excerpt":{"rendered":"<p>Alexandre Castonguay travaille dans le domaine des nouveaux m\u00e9dias. Ses \u0153uvres exploitent \u00e0 la fois la technologie d\u00e9su\u00e8te et les logiciels libres. Elles mettent en perspective les pratiques et le discours (tant artistiques que corporatifs) touchant les arts m\u00e9diatiques et la commercialisation des outils logiciels auxquels ils font appel. Le point de vue critique de [&hellip;]<\/p>\n","protected":false},"author":101011,"featured_media":0,"parent":7,"menu_order":0,"comment_status":"closed","ping_status":"closed","template":"page-templates\/front-page.php","meta":{"footnotes":""},"class_list":["post-357","page","type-page","status-publish","hentry"],"_links":{"self":[{"href":"https:\/\/www.methodologiesrecherchecreation.uqam.ca\/index.php?rest_route=\/wp\/v2\/pages\/357","targetHints":{"allow":["GET"]}}],"collection":[{"href":"https:\/\/www.methodologiesrecherchecreation.uqam.ca\/index.php?rest_route=\/wp\/v2\/pages"}],"about":[{"href":"https:\/\/www.methodologiesrecherchecreation.uqam.ca\/index.php?rest_route=\/wp\/v2\/types\/page"}],"author":[{"embeddable":true,"href":"https:\/\/www.methodologiesrecherchecreation.uqam.ca\/index.php?rest_route=\/wp\/v2\/users\/101011"}],"replies":[{"embeddable":true,"href":"https:\/\/www.methodologiesrecherchecreation.uqam.ca\/index.php?rest_route=%2Fwp%2Fv2%2Fcomments&post=357"}],"version-history":[{"count":3,"href":"https:\/\/www.methodologiesrecherchecreation.uqam.ca\/index.php?rest_route=\/wp\/v2\/pages\/357\/revisions"}],"predecessor-version":[{"id":1007,"href":"https:\/\/www.methodologiesrecherchecreation.uqam.ca\/index.php?rest_route=\/wp\/v2\/pages\/357\/revisions\/1007"}],"up":[{"embeddable":true,"href":"https:\/\/www.methodologiesrecherchecreation.uqam.ca\/index.php?rest_route=\/wp\/v2\/pages\/7"}],"wp:attachment":[{"href":"https:\/\/www.methodologiesrecherchecreation.uqam.ca\/index.php?rest_route=%2Fwp%2Fv2%2Fmedia&parent=357"}],"curies":[{"name":"wp","href":"https:\/\/api.w.org\/{rel}","templated":true}]}}